ainder when 532 is divided by 86.
16
What is the remainder when 27874 is divided by 498?
484
What is the remainder when 164688 is divided by 164687?
1
Calculate the remainder when 12607 is divided by 409.
337
What is the remainder when 9970 is divided by 906?
4
What is the remainder when 1911 is divided by 27?
21
Calculate the remainder when 197089 is divided by 197082.
7
Calculate the remainder when 2761 is divided by 362.
227
Calculate the remainder when 6544 is divided by 6529.
15
What is the remainder when 367 is divided by 11?
4
Calculate the remainder when 15890 is divided by 454.
0
Calculate the remainder when 32893 is divided by 188.
181
What is the remainder when 8449 is divided by 2811?
16
What is the remainder when 331 is divided by 166?
165
Calculate the remainder when 122088 is divided by 34.
28
What is the remainder when 42698 is divided by 10?
8
Calculate the remainder when 5647 is divided by 4799.
848
Calculate the remainder when 1186 is divided by 403.
380
Calculate the remainder when 76265 is divided by 114.
113
What is the remainder when 519828 is divided by 10?
8
What is the remainder when 5713653 is divided by 13?
10
What is the remainder when 284559 is divided by 284557?
2
What is the remainder when 1954 is divided by 216?
10
What is the remainder when 15040 is divided by 41?
34
What is the remainder when 10384 is divided by 176?
0
Calculate the remainder when 910 is divided by 278.
76
What is the remainder when 62427 is divided by 20744?
195
What is the remainder when 698081 is divided by 23269?
11
Calculate the remainder when 145857 is divided by 170.
167
What is the remainder when 58817 is divided by 1177?
1144
Calculate the remainder when 39020 is divided by 1625.
20
What is the remainder when 8643 is divided by 2851?
90
Calculate the remainder when 5044 is divided by 5013.
31
Calculate the remainder when 50644 is divided by 278.
48
Calculate the remainder when 1843 is divided by 589.
76
Calculate the remainder when 29380 is divided by 45.
40
Calculate the remainder when 396647 is divided by 36.
35
Calculate the remainder when 1732 is divided by 355.
312
Calculate the remainder when 74782 is divided by 16.
14
What is the remainder when 808 is divided by 405?
403
What is the remainder when 2864 is divided by 16?
0
Calculate the remainder when 24481 is divided by 415.
411
Calculate the remainder when 332508 is divided by 388.
380
Calculate the remainder when 4409 is divided by 11.
9
Calculate the remainder when 9410 is divided by 325.
310
Calculate the remainder when 1583 is divided by 702.
179
What is the remainder when 66669 is divided by 13331?
14
Calculate the remainder when 765473 is divided by 457.
455
Calculate the remainder when 176464 is divided by 174.
28
Calculate the remainder when 2696 is divided by 69.
5
What is the remainder when 4785 is divided by 50?
35
Calculate the remainder when 3729 is divided by 1778.
173
What is the remainder when 291 is divided by 94?
9
Calculate the remainder when 47551 is divided by 47.
34
What is the remainder when 163061 is divided by 5260?
1
Calculate the remainder when 9353 is divided by 3116.
5
Calculate the remainder when 7502 is divided by 8.
6
What is the remainder when 216860 is divided by 69?
62
What is the remainder when 52114 is divided by 4734?
40
Calculate the remainder when 757496 is divided by 375.
371
Calculate the remainder when 17810 is divided by 145.
120
What is the remainder when 556313 is divided by 915?
908
Calculate the remainder when 100985 is divided by 16828.
17
Calculate the remainder when 1880 is divided by 113.
72
What is the remainder when 151330 is divided by 776?
10
Calculate the remainder when 296639 is divided by 23.
8
What is the remainder when 3696847 is divided by 39?
37
Calculate the remainder when 69492 is divided by 695.
687
What is the remainder when 1014871 is divided by 115?
111
Calculate the remainder when 9402 is divided by 427.
8
Calculate the remainder when 35502 is divided by 13.
12
Calculate the remainder when 12895 is divided by 27.
16
What is the remainder when 25901 is divided by 4290?
161
What is the remainder when 599 is divided by 326?
273
What is the remainder when 9481 is divided by 93?
88
What is the remainder when 11846 is divided by 18?
2
Calculate the remainder when 140669 is divided by 476.
249
What is the remainder when 34930 is divided by 41?
39
What is the remainder when 150478 is divided by 22?
20
Calculate the remainder when 11647 is divided by 3767.
346
Calculate the remainder when 8139 is divided by 130.
79
What is the remainder when 220516 is divided by 6?
4
Calculate the remainder when 172940 is divided by 358.
26
What is the remainder when 36056 is divided by 252?
20
Calculate the remainder when 87159 is divided by 72.
39
What is the remainder when 4921 is divided by 2444?
33
What is the remainder when 995 is divided by 169?
150
Calculate the remainder when 125782 is divided by 62879.
24
What is the remainder when 12426 is divided by 6210?
6
What is the remainder when 4778 is divided by 100?
78
Calculate the remainder when 861112 is divided by 15107.
13
Calculate the remainder when 5349 is divided by 213.
24
What is the remainder when 61934 is divided by 16?
14
Calculate the remainder when 3185 is divided by 380.
145
What is the remainder when 318221 is divided by 35?
1
What is the remainder when 2623 is divided by 1296?
31
What is the remainder when 42577 is divided by 2027?
10
What is the remainder when 3025 is divided by 147?
85
Calculate the remainder when 5268 is divided by 1041.
63
Calculate the remainder when 778 is divided by 538.
240
Calculate the remainder when 263576 is divided by 690.
686
What is the remainder when 22592 is divided by 276?
236
What is the remainder when 3503 is divided by 153?
137
Calculate the remainder when 52612 is divided by 333.
331
What is the remainder when 48074 is divided by 145?
79
Calculate the remainder when 7161 is divided by 340.
21
What is the remainder when 10355 is divided by 163?
86
What is the remainder when 93388 is divided by 93?
16
What is the remainder when 34069 is divided by 235?
229
What is the remainder when 1615 is divided by 101?
100
What is the remainder when 5649 is divided by 53?
31
Calculate the remainder when 72941 is divided by 119.
113
Calculate the remainder when 149666 is divided by 31.
29
Calculate the remainder when 56242 is divided by 623.
172
Calculate the remainder when 467 is divided by 233.
1
What is the remainder when 67577 is divided by 16873?
85
Calculate the remainder when 9567 is divided by 58.
55
Calculate the remainder when 3482 is divided by 861.
38
What is the remainder when 1608928 is divided by 146266?
2
What is the remainder when 56434 is divided by 8054?
56
What is the remainder when 44296 is divided by 426?
418
Calculate the remainder when 49785 is divided by 27.
24
What is the remainder when 2585 is divided by 230?
55
Calculate the remainder when 15523 is divided by 311.
284
Calculate the remainder when 3126 is divided by 241.
234
What is the remainder when 4733 is divided by 158?
151
What is the remainder when 14363 is divided by 57?
56
Calculate the remainder when 21779 is divided by 254.
189
What is the remainder when 61898 is divided by 161?
74
Calculate the remainder when 33362 is divided by 1965.
1922
What is the remainder when 190206 is divided by 190201?
5
What is the remainder when 1057612 is divided by 14292?
4
Calculate the remainder when 81793 is divided by 242.
239
Calculate the remainder when 863 is divided by 516.
347
Calculate the remainder when 1131 is divided by 241.
167
What is the remainder when 12010 is divided by 166?
58
What is the remainder when 4796 is divided by 937?
111
Calculate the remainder when 6495 is divided by 1622.
7
What is the remainder when 3205 is divided by 504?
181
What is the remainder when 6579 is divided by 1313?
14
Calculate the remainder when 208685 is divided by 79.
46
What is the remainder when 16825 is divided by 17?
12
What is the remainder when 14249 is divided by 88?
81
Calculate the remainder when 3431 is divided by 3360.
71
What is the remainder when 88763 is divided by 61?
8
Calculate the remainder when 40421 is divided by 623.
549
What is the remainder when 